{"id":246,"date":"2020-10-06T08:37:34","date_gmt":"2020-10-06T06:37:34","guid":{"rendered":"http:\/\/studuj.physics.cz\/?page_id=246"},"modified":"2021-03-08T13:54:57","modified_gmt":"2021-03-08T12:54:57","slug":"astronomie-a-popularizace","status":"publish","type":"page","link":"http:\/\/studuj.physics.cz\/?page_id=246","title":{"rendered":"Astronomie a popularizace"},"content":{"rendered":"\n<p>Studiem\u00a0<em>fyziky<\/em>\u00a0se specializac\u00ed na\u00a0<em>astronomii a popularizaci<\/em>\u00a0z\u00edsk\u00e1te ucelen\u00e9 bakal\u00e1\u0159sk\u00e9 fyzik\u00e1ln\u00ed a matematick\u00e9 vzd\u011bl\u00e1n\u00ed dopln\u011bn\u00e9 o astronomii v\u00a0jej\u00ed teoretick\u00e9 i praktick\u00e9 rovin\u011b. \u010cek\u00e1 na v\u00e1s p\u0159\u00e1telsk\u00fd kolektiv lid\u00ed nad\u0161en\u00fdch pro zkoum\u00e1n\u00ed vesm\u00edru, pozorov\u00e1n\u00ed no\u010dn\u00ed oblohy a pozn\u00e1v\u00e1n\u00ed fundament\u00e1ln\u00edch p\u0159\u00edrodn\u00edch z\u00e1konitost\u00ed. Budete moci sami pozorovat na na\u0161\u00ed observato\u0159i WHOO! \u010di vyu\u017e\u00edvat sf\u00e9rickou projekci Unisf\u00e9ry, jej\u00ed\u017e sou\u010d\u00e1st\u00ed je tak\u00e9 digit\u00e1ln\u00ed planet\u00e1rium. Rovn\u011b\u017e se nau\u010d\u00edte, jak srozumiteln\u011b a atraktivn\u011b p\u0159ed\u00e1vat v\u011bdeck\u00e9 poznatky \u0161irok\u00e9 ve\u0159ejnosti.<\/p>\n\n\n\n<div class=\"wp-block-ainoblocks-arrow-button size__m\"><span class=\"wp-block-ainoblocks-arrow-button__icon\"><svg xmlns=\"http:\/\/www.w3.org\/2000\/svg\" viewbox=\"0 0 34 34\" role=\"img\" aria-hidden=\"true\"><path d=\"M4 0h28v28h-4l-0.004-21.172-25.168 25.172-2.828-2.828 25.168-25.172h-21.168z\"><\/path><\/svg><\/span><a class=\"wp-block-ainoblocks-arrow-button__link\" style=\"line-height:1.5\" href=\"https:\/\/is.slu.cz\/predmety\/studijni_plan?plan_id=883\" target=\"_self\" rel=\"noopener noreferrer\">Studijn\u00ed pl\u00e1n<\/a><\/div>\n","protected":false},"excerpt":{"rendered":"<p>Studiem\u00a0fyziky\u00a0se specializac\u00ed na\u00a0astronomii a popularizaci\u00a0z\u00edsk\u00e1te ucelen\u00e9 bakal\u00e1\u0159sk\u00e9 fyzik\u00e1ln\u00ed a matematick\u00e9 vzd\u011bl\u00e1n\u00ed dopln\u011bn\u00e9 o astronomii v\u00a0jej\u00ed teoretick\u00e9 i praktick\u00e9 rovin\u011b. \u010cek\u00e1 na v\u00e1s p\u0159\u00e1telsk\u00fd kolektiv lid\u00ed nad\u0161en\u00fdch pro zkoum\u00e1n\u00ed vesm\u00edru, pozorov\u00e1n\u00ed no\u010dn\u00ed oblohy a pozn\u00e1v\u00e1n\u00ed fundament\u00e1ln\u00edch p\u0159\u00edrodn\u00edch z\u00e1konitost\u00ed. Budete moci sami pozorovat na na\u0161\u00ed observato\u0159i WHOO! \u010di vyu\u017e\u00edvat sf\u00e9rickou projekci Unisf\u00e9ry, jej\u00ed\u017e sou\u010d\u00e1st\u00ed je tak\u00e9 digit\u00e1ln\u00ed&hellip;<\/p>\n","protected":false},"author":1,"featured_media":0,"parent":0,"menu_order":0,"comment_status":"closed","ping_status":"closed","template":"","meta":[],"_links":{"self":[{"href":"http:\/\/studuj.physics.cz\/index.php?rest_route=\/wp\/v2\/pages\/246"}],"collection":[{"href":"http:\/\/studuj.physics.cz\/index.php?rest_route=\/wp\/v2\/pages"}],"about":[{"href":"http:\/\/studuj.physics.cz\/index.php?rest_route=\/wp\/v2\/types\/page"}],"author":[{"embeddable":true,"href":"http:\/\/studuj.physics.cz\/index.php?rest_route=\/wp\/v2\/users\/1"}],"replies":[{"embeddable":true,"href":"http:\/\/studuj.physics.cz\/index.php?rest_route=%2Fwp%2Fv2%2Fcomments&post=246"}],"version-history":[{"count":3,"href":"http:\/\/studuj.physics.cz\/index.php?rest_route=\/wp\/v2\/pages\/246\/revisions"}],"predecessor-version":[{"id":394,"href":"http:\/\/studuj.physics.cz\/index.php?rest_route=\/wp\/v2\/pages\/246\/revisions\/394"}],"wp:attachment":[{"href":"http:\/\/studuj.physics.cz\/index.php?rest_route=%2Fwp%2Fv2%2Fmedia&parent=246"}],"curies":[{"name":"wp","href":"https:\/\/api.w.org\/{rel}","templated":true}]}}