{"id":286,"date":"2021-01-08T13:54:50","date_gmt":"2021-01-08T12:54:50","guid":{"rendered":"http:\/\/studuj.physics.cz\/?page_id=286"},"modified":"2021-03-08T13:55:19","modified_gmt":"2021-03-08T12:55:19","slug":"monitorovani-zivotniho-prostredi","status":"publish","type":"page","link":"http:\/\/studuj.physics.cz\/?page_id=286","title":{"rendered":"Monitorov\u00e1n\u00ed \u017eivotn\u00edho prost\u0159ed\u00ed"},"content":{"rendered":"\n<p>Bakal\u00e1\u0159sk\u00e9 studium\u00a0<em>aplikovan\u00e9 fyziky<\/em>\u00a0specializovan\u00e9 na\u00a0<em>monitorov\u00e1n\u00ed \u017eivotn\u00edho prost\u0159ed\u00ed<\/em>\u00a0je ur\u010deno v\u0161em, kte\u0159\u00ed maj\u00ed ambice zab\u00fdvat se ve sv\u00e9 budouc\u00ed profesi racion\u00e1ln\u00edm posuzov\u00e1n\u00edm stavu a v\u00fdvoje \u017eivotn\u00edho a pracovn\u00edho prost\u0159ed\u00ed. Na z\u00e1klad\u011b ucelen\u00e9 pr\u016fpravy ve fyzik\u00e1ln\u00edch a informatick\u00fdch discipl\u00edn\u00e1ch se sezn\u00e1m\u00edte s\u00a0metodami m\u011b\u0159en\u00ed a monitorov\u00e1n\u00ed fyzik\u00e1ln\u00edch veli\u010din popisuj\u00edc\u00edch \u017eivotn\u00ed a pracovn\u00ed prost\u0159ed\u00ed, typicky t\u011bch spojen\u00fdch s\u00a0ovzdu\u0161\u00edm, vodami a p\u016fdami a jejich zne\u010di\u0161t\u011bn\u00edm. Nau\u010d\u00edte se monitoringu environment\u00e1ln\u00edch jev\u016f souvisej\u00edc\u00edch s\u00a0akustikou, vibracemi a elektromagnetick\u00fdm polem. Jako absolventi budete schopni samostatn\u00e9 i\u00a0t\u00fdmov\u00e9 pr\u00e1ce a adaptace na konkr\u00e9tn\u00ed problematiku.<\/p>\n\n\n\n<p><\/p>\n\n\n\n<div class=\"wp-block-ainoblocks-arrow-button size__m\"><span class=\"wp-block-ainoblocks-arrow-button__icon\"><svg xmlns=\"http:\/\/www.w3.org\/2000\/svg\" viewbox=\"0 0 48 48\" role=\"img\" aria-hidden=\"true\"><path d=\"M7.82 43l-2.82-2.82 31.18-31.18h-23.18v-4h30v30h-4v-23.18z\"><\/path><\/svg><\/span><a class=\"wp-block-ainoblocks-arrow-button__link\" style=\"line-height:1.5\" href=\"https:\/\/is.slu.cz\/predmety\/studijni_plan?lang=cs;plan_id=1142\" target=\"_self\" rel=\"noopener noreferrer\">Studijn\u00ed pl\u00e1n<\/a><\/div>\n","protected":false},"excerpt":{"rendered":"<p>Bakal\u00e1\u0159sk\u00e9 studium\u00a0aplikovan\u00e9 fyziky\u00a0specializovan\u00e9 na\u00a0monitorov\u00e1n\u00ed \u017eivotn\u00edho prost\u0159ed\u00ed\u00a0je ur\u010deno v\u0161em, kte\u0159\u00ed maj\u00ed ambice zab\u00fdvat se ve sv\u00e9 budouc\u00ed profesi racion\u00e1ln\u00edm posuzov\u00e1n\u00edm stavu a v\u00fdvoje \u017eivotn\u00edho a pracovn\u00edho prost\u0159ed\u00ed. Na z\u00e1klad\u011b ucelen\u00e9 pr\u016fpravy ve fyzik\u00e1ln\u00edch a informatick\u00fdch discipl\u00edn\u00e1ch se sezn\u00e1m\u00edte s\u00a0metodami m\u011b\u0159en\u00ed a monitorov\u00e1n\u00ed fyzik\u00e1ln\u00edch veli\u010din popisuj\u00edc\u00edch \u017eivotn\u00ed a pracovn\u00ed prost\u0159ed\u00ed, typicky t\u011bch spojen\u00fdch s\u00a0ovzdu\u0161\u00edm, vodami a p\u016fdami&hellip;<\/p>\n","protected":false},"author":1,"featured_media":0,"parent":0,"menu_order":0,"comment_status":"closed","ping_status":"closed","template":"","meta":[],"_links":{"self":[{"href":"http:\/\/studuj.physics.cz\/index.php?rest_route=\/wp\/v2\/pages\/286"}],"collection":[{"href":"http:\/\/studuj.physics.cz\/index.php?rest_route=\/wp\/v2\/pages"}],"about":[{"href":"http:\/\/studuj.physics.cz\/index.php?rest_route=\/wp\/v2\/types\/page"}],"author":[{"embeddable":true,"href":"http:\/\/studuj.physics.cz\/index.php?rest_route=\/wp\/v2\/users\/1"}],"replies":[{"embeddable":true,"href":"http:\/\/studuj.physics.cz\/index.php?rest_route=%2Fwp%2Fv2%2Fcomments&post=286"}],"version-history":[{"count":5,"href":"http:\/\/studuj.physics.cz\/index.php?rest_route=\/wp\/v2\/pages\/286\/revisions"}],"predecessor-version":[{"id":395,"href":"http:\/\/studuj.physics.cz\/index.php?rest_route=\/wp\/v2\/pages\/286\/revisions\/395"}],"wp:attachment":[{"href":"http:\/\/studuj.physics.cz\/index.php?rest_route=%2Fwp%2Fv2%2Fmedia&parent=286"}],"curies":[{"name":"wp","href":"https:\/\/api.w.org\/{rel}","templated":true}]}}