{"id":407,"date":"2021-03-22T12:30:14","date_gmt":"2021-03-22T11:30:14","guid":{"rendered":"http:\/\/studuj.physics.cz\/?page_id=407"},"modified":"2023-07-04T16:58:55","modified_gmt":"2023-07-04T14:58:55","slug":"vyukova-videa","status":"publish","type":"page","link":"http:\/\/studuj.physics.cz\/?page_id=407","title":{"rendered":"Videa"},"content":{"rendered":"\n<figure class=\"wp-block-embed is-type-video is-provider-youtube wp-block-embed-youtube wp-embed-aspect-16-9 wp-has-aspect-ratio\"><div class=\"wp-block-embed__wrapper\">\n<iframe title=\"Fyzika v Klidu - Optika 1: Z\u00e1kladn\u00ed optick\u00e9 pojmy a z\u00e1kony\" width=\"696\" height=\"392\" src=\"https:\/\/www.youtube.com\/embed\/gRuQZ2qqjCQ?feature=oembed\" frameborder=\"0\" allow=\"accelerometer; autoplay; clipboard-write; encrypted-media; gyroscope; picture-in-picture; web-share\" allowfullscreen><\/iframe>\n<\/div><\/figure>\n\n\n\n<figure class=\"wp-block-embed is-type-video is-provider-youtube wp-block-embed-youtube wp-embed-aspect-16-9 wp-has-aspect-ratio\"><div class=\"wp-block-embed__wrapper\">\n<iframe title=\"Fyzika v Klidu - Optika 2: Zobrazov\u00e1n\u00ed p\u0159edm\u011btu pomoc\u00ed zrcadel a \u010do\u010dek\" width=\"696\" height=\"392\" src=\"https:\/\/www.youtube.com\/embed\/ENcA6xAi9mQ?feature=oembed\" frameborder=\"0\" allow=\"accelerometer; autoplay; clipboard-write; encrypted-media; gyroscope; picture-in-picture; web-share\" allowfullscreen><\/iframe>\n<\/div><\/figure>\n\n\n\n<figure class=\"wp-block-embed is-type-video is-provider-youtube wp-block-embed-youtube wp-embed-aspect-16-9 wp-has-aspect-ratio\"><div class=\"wp-block-embed__wrapper\">\n<iframe title=\"Fyzika v Klidu 3 - Ide\u00e1ln\u00ed plyn\" width=\"696\" height=\"392\" src=\"https:\/\/www.youtube.com\/embed\/yrYzE8XIq2E?feature=oembed\" frameborder=\"0\" allow=\"accelerometer; autoplay; clipboard-write; encrypted-media; gyroscope; picture-in-picture; web-share\" allowfullscreen><\/iframe>\n<\/div><\/figure>\n\n\n\n<figure class=\"wp-block-embed is-type-video is-provider-youtube wp-block-embed-youtube wp-embed-aspect-16-9 wp-has-aspect-ratio\"><div class=\"wp-block-embed__wrapper\">\n<iframe title=\"Fyzika v Klidu 4 - Gravita\u010dn\u00ed s\u00edla\" width=\"696\" height=\"392\" src=\"https:\/\/www.youtube.com\/embed\/jmYLN6iABKw?feature=oembed\" frameborder=\"0\" allow=\"accelerometer; autoplay; clipboard-write; encrypted-media; gyroscope; picture-in-picture; web-share\" allowfullscreen><\/iframe>\n<\/div><\/figure>\n\n\n\n<figure class=\"wp-block-embed is-type-video is-provider-youtube wp-block-embed-youtube wp-embed-aspect-16-9 wp-has-aspect-ratio\"><div class=\"wp-block-embed__wrapper\">\n<iframe title=\"Fyzika v Klidu 5 - Kinematika hmotn\u00e9ho bodu\" width=\"696\" height=\"392\" src=\"https:\/\/www.youtube.com\/embed\/cBHgFejjfFI?feature=oembed\" frameborder=\"0\" allow=\"accelerometer; autoplay; clipboard-write; encrypted-media; gyroscope; picture-in-picture; web-share\" allowfullscreen><\/iframe>\n<\/div><\/figure>\n\n\n\n<p>P\u0159\u00edklady k procvi\u010den\u00ed:<\/p>\n\n\n\n<div class=\"wp-block-file\"><a href=\"http:\/\/studuj.physics.cz\/wp-content\/uploads\/2023\/07\/priklady_zobrazovani-1.pdf\">priklady_zobrazovani<\/a><a href=\"http:\/\/studuj.physics.cz\/wp-content\/uploads\/2023\/07\/priklady_zobrazovani-1.pdf\" class=\"wp-block-file__button\" download>St\u00e1hnout<\/a><\/div>\n\n\n\n<div class=\"wp-block-file\"><a href=\"http:\/\/studuj.physics.cz\/wp-content\/uploads\/2023\/07\/gravitace_2-2.pdf\">gravitace_2-2<\/a><a href=\"http:\/\/studuj.physics.cz\/wp-content\/uploads\/2023\/07\/gravitace_2-2.pdf\" class=\"wp-block-file__button\" download>St\u00e1hnout<\/a><\/div>\n\n\n\n<div class=\"wp-block-file\"><a href=\"http:\/\/studuj.physics.cz\/wp-content\/uploads\/2023\/07\/gravitace_complete-2.pdf\">gravitace_complete-2<\/a><a href=\"http:\/\/studuj.physics.cz\/wp-content\/uploads\/2023\/07\/gravitace_complete-2.pdf\" class=\"wp-block-file__button\" download>St\u00e1hnout<\/a><\/div>\n\n\n\n<div class=\"wp-block-file\"><a href=\"http:\/\/studuj.physics.cz\/wp-content\/uploads\/2023\/07\/gravitace-2.pdf\">gravitace-2<\/a><a href=\"http:\/\/studuj.physics.cz\/wp-content\/uploads\/2023\/07\/gravitace-2.pdf\" class=\"wp-block-file__button\" download>St\u00e1hnout<\/a><\/div>\n\n\n\n<div class=\"wp-block-file\"><a href=\"http:\/\/studuj.physics.cz\/wp-content\/uploads\/2023\/07\/Kinematika_2-2.pdf\">Kinematika_2-2<\/a><a href=\"http:\/\/studuj.physics.cz\/wp-content\/uploads\/2023\/07\/Kinematika_2-2.pdf\" class=\"wp-block-file__button\" download>St\u00e1hnout<\/a><\/div>\n\n\n\n<div class=\"wp-block-file\"><a href=\"http:\/\/studuj.physics.cz\/wp-content\/uploads\/2023\/07\/Kinematika-2.pdf\">Kinematika-2<\/a><a href=\"http:\/\/studuj.physics.cz\/wp-content\/uploads\/2023\/07\/Kinematika-2.pdf\" class=\"wp-block-file__button\" download>St\u00e1hnout<\/a><\/div>\n\n\n\n<div class=\"wp-block-file\"><a href=\"http:\/\/studuj.physics.cz\/wp-content\/uploads\/2023\/07\/priklady_Archimed_v_z_kon_2-2.pdf\">priklady_Archimed_v_z_kon_2-2<\/a><a href=\"http:\/\/studuj.physics.cz\/wp-content\/uploads\/2023\/07\/priklady_Archimed_v_z_kon_2-2.pdf\" class=\"wp-block-file__button\" download>St\u00e1hnout<\/a><\/div>\n\n\n\n<div class=\"wp-block-file\"><a href=\"http:\/\/studuj.physics.cz\/wp-content\/uploads\/2023\/07\/priklady_Archimed_v_z_kon_complete-2.pdf\">priklady_Archimed_v_z_kon_complete-2<\/a><a href=\"http:\/\/studuj.physics.cz\/wp-content\/uploads\/2023\/07\/priklady_Archimed_v_z_kon_complete-2.pdf\" class=\"wp-block-file__button\" download>St\u00e1hnout<\/a><\/div>\n\n\n\n<div class=\"wp-block-file\"><a href=\"http:\/\/studuj.physics.cz\/wp-content\/uploads\/2023\/07\/priklady_Archimed_v_z_kon-2.pdf\">priklady_Archimed_v_z_kon-2<\/a><a href=\"http:\/\/studuj.physics.cz\/wp-content\/uploads\/2023\/07\/priklady_Archimed_v_z_kon-2.pdf\" class=\"wp-block-file__button\" download>St\u00e1hnout<\/a><\/div>\n\n\n\n<div class=\"wp-block-file\"><a href=\"http:\/\/studuj.physics.cz\/wp-content\/uploads\/2023\/07\/priklady_Energie_2-2.pdf\">priklady_Energie_2-2<\/a><a href=\"http:\/\/studuj.physics.cz\/wp-content\/uploads\/2023\/07\/priklady_Energie_2-2.pdf\" class=\"wp-block-file__button\" download>St\u00e1hnout<\/a><\/div>\n\n\n\n<div class=\"wp-block-file\"><a href=\"http:\/\/studuj.physics.cz\/wp-content\/uploads\/2023\/07\/priklady_Energie_complete-2.pdf\">priklady_Energie_complete-2<\/a><a href=\"http:\/\/studuj.physics.cz\/wp-content\/uploads\/2023\/07\/priklady_Energie_complete-2.pdf\" class=\"wp-block-file__button\" download>St\u00e1hnout<\/a><\/div>\n\n\n\n<div class=\"wp-block-file\"><a href=\"http:\/\/studuj.physics.cz\/wp-content\/uploads\/2023\/07\/priklady_Energie-2.pdf\">priklady_Energie-2<\/a><a href=\"http:\/\/studuj.physics.cz\/wp-content\/uploads\/2023\/07\/priklady_Energie-2.pdf\" class=\"wp-block-file__button\" download>St\u00e1hnout<\/a><\/div>\n\n\n\n<div class=\"wp-block-file\"><a href=\"http:\/\/studuj.physics.cz\/wp-content\/uploads\/2023\/07\/priklady_mechanicka_prace_2-2.pdf\">priklady_mechanicka_prace_2-2<\/a><a href=\"http:\/\/studuj.physics.cz\/wp-content\/uploads\/2023\/07\/priklady_mechanicka_prace_2-2.pdf\" class=\"wp-block-file__button\" download>St\u00e1hnout<\/a><\/div>\n\n\n\n<div class=\"wp-block-file\"><a href=\"http:\/\/studuj.physics.cz\/wp-content\/uploads\/2023\/07\/priklady_mechanicka_prace_complete-2.pdf\">priklady_mechanicka_prace_complete-2<\/a><a href=\"http:\/\/studuj.physics.cz\/wp-content\/uploads\/2023\/07\/priklady_mechanicka_prace_complete-2.pdf\" class=\"wp-block-file__button\" download>St\u00e1hnout<\/a><\/div>\n\n\n\n<div class=\"wp-block-file\"><a href=\"http:\/\/studuj.physics.cz\/wp-content\/uploads\/2023\/07\/priklady_mechanicka_prace-2.pdf\">priklady_mechanicka_prace-2<\/a><a href=\"http:\/\/studuj.physics.cz\/wp-content\/uploads\/2023\/07\/priklady_mechanicka_prace-2.pdf\" class=\"wp-block-file__button\" download>St\u00e1hnout<\/a><\/div>\n\n\n\n<div class=\"wp-block-file\"><a href=\"http:\/\/studuj.physics.cz\/wp-content\/uploads\/2023\/07\/priklady_oko_lupa_2-2.pdf\">priklady_oko_lupa_2-2<\/a><a href=\"http:\/\/studuj.physics.cz\/wp-content\/uploads\/2023\/07\/priklady_oko_lupa_2-2.pdf\" class=\"wp-block-file__button\" download>St\u00e1hnout<\/a><\/div>\n\n\n\n<div class=\"wp-block-file\"><a href=\"http:\/\/studuj.physics.cz\/wp-content\/uploads\/2023\/07\/priklady_optika_zakony_2-2.pdf\">priklady_optika_zakony_2-2<\/a><a href=\"http:\/\/studuj.physics.cz\/wp-content\/uploads\/2023\/07\/priklady_optika_zakony_2-2.pdf\" class=\"wp-block-file__button\" download>St\u00e1hnout<\/a><\/div>\n\n\n\n<div class=\"wp-block-file\"><a href=\"http:\/\/studuj.physics.cz\/wp-content\/uploads\/2023\/07\/priklady_optika_zakony_complete-2.pdf\">priklady_optika_zakony_complete-2<\/a><a href=\"http:\/\/studuj.physics.cz\/wp-content\/uploads\/2023\/07\/priklady_optika_zakony_complete-2.pdf\" class=\"wp-block-file__button\" download>St\u00e1hnout<\/a><\/div>\n\n\n\n<div class=\"wp-block-file\"><a href=\"http:\/\/studuj.physics.cz\/wp-content\/uploads\/2023\/07\/priklady_Pascal_v_z_kon_2-2.pdf\">priklady_Pascal_v_z_kon_2-2<\/a><a href=\"http:\/\/studuj.physics.cz\/wp-content\/uploads\/2023\/07\/priklady_Pascal_v_z_kon_2-2.pdf\" class=\"wp-block-file__button\" download>St\u00e1hnout<\/a><\/div>\n\n\n\n<div class=\"wp-block-file\"><a href=\"http:\/\/studuj.physics.cz\/wp-content\/uploads\/2023\/07\/priklady_Pascal_v_z_kon_complete-2.pdf\">priklady_Pascal_v_z_kon_complete-2<\/a><a href=\"http:\/\/studuj.physics.cz\/wp-content\/uploads\/2023\/07\/priklady_Pascal_v_z_kon_complete-2.pdf\" class=\"wp-block-file__button\" download>St\u00e1hnout<\/a><\/div>\n\n\n\n<div class=\"wp-block-file\"><a href=\"http:\/\/studuj.physics.cz\/wp-content\/uploads\/2023\/07\/priklady_Pascal_v_z_kon-2.pdf\">priklady_Pascal_v_z_kon-2<\/a><a href=\"http:\/\/studuj.physics.cz\/wp-content\/uploads\/2023\/07\/priklady_Pascal_v_z_kon-2.pdf\" class=\"wp-block-file__button\" download>St\u00e1hnout<\/a><\/div>\n\n\n\n<div class=\"wp-block-file\"><a href=\"http:\/\/studuj.physics.cz\/wp-content\/uploads\/2023\/07\/priklady_zobrazovani_2-2.pdf\">priklady_zobrazovani_2-2<\/a><a href=\"http:\/\/studuj.physics.cz\/wp-content\/uploads\/2023\/07\/priklady_zobrazovani_2-2.pdf\" class=\"wp-block-file__button\" download>St\u00e1hnout<\/a><\/div>\n\n\n\n<div class=\"wp-block-file\"><a href=\"http:\/\/studuj.physics.cz\/wp-content\/uploads\/2023\/07\/priklady_zobrazovani_complete-2.pdf\">priklady_zobrazovani_complete-2<\/a><a href=\"http:\/\/studuj.physics.cz\/wp-content\/uploads\/2023\/07\/priklady_zobrazovani_complete-2.pdf\" class=\"wp-block-file__button\" download>St\u00e1hnout<\/a><\/div>\n\n\n\n<div class=\"wp-block-file\"><a href=\"http:\/\/studuj.physics.cz\/wp-content\/uploads\/2023\/07\/priklady_zobrazovani-2.pdf\">priklady_zobrazovani-2<\/a><a href=\"http:\/\/studuj.physics.cz\/wp-content\/uploads\/2023\/07\/priklady_zobrazovani-2.pdf\" class=\"wp-block-file__button\" download>St\u00e1hnout<\/a><\/div>\n","protected":false},"excerpt":{"rendered":"<p>P\u0159\u00edklady k procvi\u010den\u00ed:<\/p>\n","protected":false},"author":1,"featured_media":0,"parent":0,"menu_order":0,"comment_status":"closed","ping_status":"closed","template":"","meta":[],"_links":{"self":[{"href":"http:\/\/studuj.physics.cz\/index.php?rest_route=\/wp\/v2\/pages\/407"}],"collection":[{"href":"http:\/\/studuj.physics.cz\/index.php?rest_route=\/wp\/v2\/pages"}],"about":[{"href":"http:\/\/studuj.physics.cz\/index.php?rest_route=\/wp\/v2\/types\/page"}],"author":[{"embeddable":true,"href":"http:\/\/studuj.physics.cz\/index.php?rest_route=\/wp\/v2\/users\/1"}],"replies":[{"embeddable":true,"href":"http:\/\/studuj.physics.cz\/index.php?rest_route=%2Fwp%2Fv2%2Fcomments&post=407"}],"version-history":[{"count":4,"href":"http:\/\/studuj.physics.cz\/index.php?rest_route=\/wp\/v2\/pages\/407\/revisions"}],"predecessor-version":[{"id":483,"href":"http:\/\/studuj.physics.cz\/index.php?rest_route=\/wp\/v2\/pages\/407\/revisions\/483"}],"wp:attachment":[{"href":"http:\/\/studuj.physics.cz\/index.php?rest_route=%2Fwp%2Fv2%2Fmedia&parent=407"}],"curies":[{"name":"wp","href":"https:\/\/api.w.org\/{rel}","templated":true}]}}